is the greatest common divisor of l and 1121?
59
Suppose -2*q = 3*m - 464, m - 4*q - 154 = -5*q. Let h = m - 126. Calculate the highest common factor of h and 20.
10
Let j(y) = y**2 - 27*y + 26. Let s be j(25). Let d be (8 + s/8)*8/1. Calculate the greatest common divisor of 16 and d.
8
Suppose -6 = 3*r, k - 3*r - 58 = -k. Suppose 8*w = -5*w + k. What is the greatest common factor of w and 2?
2
Let a = -160 - -163. Suppose -a*m + 3*v = 2*v - 280, 5*m - 2*v - 465 = 0. What is the greatest common divisor of 38 and m?
19
Suppose 5*w - 5*u = 175, u + 109 = 3*w - 3*u. Suppose -w*r + 180 = -28*r. Calculate the highest common divisor of r and 24.
12
Let g(o) = 4*o - 25. Let t be g(13). Let y be (-30)/t + 1 - 148/(-36). Let m be 50 + (5/1 - 3). What is the highest common factor of y and m?
4
Let j be (3/(-6) + -2)*12/15. Let q be 375 - j/((-12)/(-18)). Calculate the highest common factor of 54 and q.
54
Suppose 34*h = 3101 + 3325. Suppose 144*p + h = 147*p. What is the highest common divisor of 9 and p?
9
Suppose a = -6*n + 3552, -3*a - 4*n + 8720 = -1936. What is the greatest common factor of 480 and a?
96
Let o(n) = n**3 + 7*n**2 - 12*n - 20. Let u be o(-8). Suppose 56 = u*h - 232. Calculate the greatest common factor of 60 and h.
12
Let l be ((85/(-3))/(-17))/(10/12). Suppose 0 = -j - 13*b + 18*b + 3, -l*b = -5*j + 84. Suppose 2*i = 162 + 90. What is the highest common factor of j and i?
18
Suppose -3*n - 3*m = -49 - 11, -3*n + 53 = 4*m. Calculate the greatest common factor of 8937 and n.
27
Suppose -3*u - 11*u = 70. Let h(o) = -20*o - 55. Let t be h(u). Let i = 38 + -23. What is the greatest common divisor of i and t?
15
Let a = -3844 + 3904. What is the highest common factor of a and 3020?
20
Let h = -2149 - -2835. Calculate the greatest common divisor of h and 98.
98
Suppose -a + 511 + 508 = -2*c, 5*c - 4102 = -4*a. Let i be 1226 + 0 - (0 + -1). Suppose i = 15*q - a. Calculate the highest common divisor of 10 and q.
10
Let s be ((-14296)/(-5))/2 - (-10)/25. Suppose 0 = -i - 10*i + s. What is the highest common divisor of i and 10?
10
Let r be 5 - ((16 - 26) + (0 - 160)). Let b = -90 + 140. What is the highest common divisor of b and r?
25
Suppose 37*k - 27933 = -61*k - 10783. Calculate the greatest common divisor of 10255 and k.
35
Let o(x) = -x**2 - 54*x - 623. Let h be o(-25). Calculate the highest common divisor of 8466 and h.
102
Let h = 9027 - 9025. What is the highest common factor of h and 4?
2
Let n(t) = 2*t**2 + 4*t - 2. Let j be n(3). Suppose 465*r - 4060 = 436*r. Calculate the highest common factor of r and j.
28
Let s be 55 - 0*(-2)/4. Let p be (-2)/((-4)/(-12)*1). Let n be 5/(6*p/(-36)). What is the highest common factor of s and n?
5
Let y be -10*(4 + (-81)/15). Let g = 10 - y. Let t be 80/(2 - -2) - g. Calculate the greatest common factor of 192 and t.
24
Suppose l = -2*l + 12, 0 = o - 4*l - 88. Let m = 69 - o. Let y = 68 + m. What is the greatest common divisor of y and 33?
33
Suppose 4*x + 3*p - 3 = 0, 5*p + 6 - 11 = 4*x. Suppose x = -16*f + 1239 - 391. What is the greatest common divisor of 53 and f?
53
Let c(t) = t**3 + t**2 - t + 2. Let g be c(-4). Let y be (2/3)/((-2)/g). Let s = -632088 - -632123. Calculate the highest common divisor of s and y.
7
Suppose 72*r - 1893 - 352 - 6539 = 0. Calculate the greatest common factor of r and 2013.
61
Let y be -35*(-3 + 0 - (0 - 0)). Let q = 2 + 28. Calculate the highest common factor of q and y.
15
Let r = 1729 + 1083. Calculate the greatest common factor of r and 380.
76
Let t = -11 + 25. Suppose -t = -f - f. Suppose -f*j = j - 336. Calculate the greatest common factor of j and 28.
14
Suppose 4*t = -9*t + 6*t. Suppose -5*j - 29 = -5*i + 76, t = -3*i + 5*j + 61. Let o be (-3)/2*i/(-33). Calculate the highest common factor of o and 9.
1
Let z(t) = -232*t + 65. Let w be z(-12). Suppose -15*f + 8*f + w = 0. What is the highest common divisor of 74 and f?
37
Let k = -7 + 10. Suppose -k*j + 16 = -j. Let q(s) = 9*s + 84. Let y be q(-8). Calculate the highest common divisor of j and y.
4
Suppose 5*j = j + 896. Let g = -1865 - -1929. Calculate the highest common divisor of g and j.
32
Let d(o) = o**3 + 13*o**2 - 12*o - 3. Let f be d(-13). Let b be 357 - (5 + 5 + -10). Calculate the greatest common factor of b and f.
51
Suppose -x + 5 = 0, 5*g - 2*x - 205 - 1820 = 0. Suppose g*o - 411*o = -56. Let k be 2/(-6) + (-211)/(-3). What is the highest common factor of o and k?
14
Suppose 11880 = 18*z + 15*z. Calculate the greatest common factor of z and 36.
36
Suppose -674*k + 678*k - 195 = 3*d, 2*k + d = 85. What is the greatest common factor of 65 and k?
5
Suppose -6*g - 94 + 292 = 0. Suppose g*t - 216 = 24*t. Calculate the highest common factor of t and 240.
24
Suppose 2*v = -2*c + 5*c + 592, -4*c + 1184 = 4*v. What is the highest common factor of v and 962?
74
Suppose 4*f - 1315 = -5*z, -3448*f + 1621 = -3443*f + 3*z. Suppose -r = -1, 101 = 5*v + r - 0*r. Calculate the greatest common divisor of v and f.
20
Let s be (240/21)/5 + (-4)/14. Suppose -3*b - 9 = -3*g + 6*g, s*b + 7 = -g. Let y be (-1 - 34/8)/(1/b). What is the greatest common factor of y and 42?
21
Let o = -8885 + 9061. Let r(p) = p**2 + 7*p + 8. Let m be r(-8). Calculate the greatest common factor of m and o.
16
Let j(u) = -20*u - 103. Let k be j(-6). What is the greatest common divisor of 18360 and k?
17
Let r(n) = n**2 + 5*n - 13. Let c be r(3). Let z(d) = -9*d**3 + 6*d**2 - 8*d - 17. Let t be z(-5). What is the greatest common divisor of t and c?
11
Suppose f - 44 = -2*k, 0 = 5*f + k - 6*k - 295. Calculate the highest common divisor of f and 225.
9
Let z(v) = 38*v**2 + 8*v + 4. Let t(x) = -x**3 + 4*x**2 + 26*x - 85. Let c be t(6). Let a be z(c). Calculate the greatest common divisor of a and 272.
34
Let k(w) = 5*w - 1. Let p be k(-1). Let q(s) = 4 + 135*s - 151*s + 2 - 2*s**2. Let t be q(p). What is the highest common divisor of t and 210?
30
Let o = 251 - 247. Suppose d = o*l + 92, -7*l - 346 = -4*d - 2*l. What is the greatest common factor of 12 and d?
12
Let k(n) = 205*n + 15664. Let q be k(-76). What is the highest common factor of 210 and q?
42
Let y = 42084 - 29370. What is the highest common divisor of y and 52?
26
Let t be 6/33 - ((-1060)/44)/5. Suppose 4*c = -4*r - 7420, t*c + 12292 = 5*r + 2967. Let f be 6/21 + c/(-7). What is the highest common divisor of f and 38?
38
Let c(l) = 7*l**2 - 839*l - 96. Let h be c(120). What is the greatest common divisor of 11112 and h?
24
Let i be 1716/312 + (-5159)/(-2). What is the greatest common factor of 141 and i?
47
Suppose 2632*m - 360 = -2627*m + 5251*m. Calculate the highest common divisor of 279 and m.
9
Let b(f) = -54*f + 280. Let n be b(5). What is the highest common divisor of n and 2060?
10
Let x be 11 + 1 - (-7)/(21/(-6)). What is the highest common factor of x and 4685?
5
Let q = 190 - 184. Let n be (1254/(-4))/(-11)*q/3. Calculate the highest common divisor of n and 152.
19
Let u(j) = 34*j**2 - 10*j + 13. Let n be u(4). Suppose 4*p - 3*o = p + 783, -2*p + 3*o = -n. Calculate the greatest common factor of p and 76.
38
Suppose -5*r - l - 26 = -0*r, 3*r - 3*l = -30. Let g be 174/(-12) - 9/r. Let p be 0 + g/((-39)/18). What is the greatest common factor of 33 and p?
3
Suppose -4713 = -23*x + 10007. Suppose -9*h - 352 = -x. What is the highest common factor of h and 352?
32
Suppose -28*q + 168 + 532 = 0. Let n(r) = r + 11. Let o be n(-7). Suppose -o*z = -5*z + 275. What is the greatest common divisor of z and q?
25
Let q(u) = -33*u - 461. Let j be q(-21). What is the greatest common factor of j and 377?
29
Let h = 487 + -493. Let b(o) = -23*o + 129. Let k be b(h). Calculate the greatest common factor of 3 and k.
3
Let u be 42/(1*(2 + (2 - 3))). Suppose -43*n + 28 = -41*n. What is the highest common factor of u and n?
14
Let z = -190 + 271. Let q = 40 + -20. Suppose 34 = 3*w + 3*y + 1, 0 = -2*w - y + q. What is the greatest common factor of w and z?
9
Let i = 14 - 9. Let d(m) = 2*m**3 + 2*m**2 - 12*m + 4. Let c be d(-3). Calculate the greatest common factor of c and i.
1
Let x(j) = -43*j - 368. Let r be x(-11). Calculate the highest common divisor of 805 and r.
35
Let n = 391843 + -391323. Let r be 1 + (1 - 2) + 8. Calculate the highest common divisor of r and n.
8
Suppose 5